8 = -2*d. Suppose d*w + 0*a - 10 = 5*a, w - 5*a = 0. What is the greatest common divisor of w and 2?
2
Let j be (494*(-45)/(-150))/((-12)/(-40)). Calculate the greatest common factor of j and 190.
38
Suppose 5*w - n = 12115 + 2922, 3*w - 9015 = -3*n. What is the highest common factor of w and 93?
31
Let b be 4/10 + 848/80. Suppose 3*h - b - 4 = 0. Suppose 15 + h = d. What is the highest common divisor of d and 140?
20
Suppose 4*s - 1284 = -4*n, -5*s + 108*n = 103*n - 1625. Let a(f) = -f**2 - 9*f + 5. Let t be a(-7). Calculate the highest common divisor of s and t.
19
Suppose 167*g - 63*g + 1911 = 14911. What is the highest common factor of 26375 and g?
125
Let f = 93 - 103. Let l be ((-90)/60)/(1/f). Calculate the highest common divisor of l and 90.
15
Let i = -253 + 295. Suppose i*r = 68*r - 104. Let v be 1 - 2/(6/(-105)). Calculate the greatest common divisor of r and v.
4
Let p = 25244 + -24096. What is the greatest common factor of p and 4100?
164
Suppose -2*d + 25632 - 4384 = 5*h, h = 3*d - 31821. Calculate the greatest common divisor of 103 and d.
103
Let m(j) = -j**3 + 2*j - 1. Let s = -68 - -66. Let w be m(s). Suppose 4 = -2*t + w*g - g, -3*t = -2*g + 3. Calculate the highest common factor of 1 and t.
1
Let d(u) = u**3 - 10*u**2 + u - 11. Let x be d(10). Let w be (-10 - -6) + 174 + x + 1. What is the greatest common factor of w and 34?
34
Let r be (5 - 11)/((-2)/(-38*8/(-12))). What is the highest common divisor of 428 and r?
4
Let t = -4103 - -4263. Calculate the highest common factor of t and 3560.
40
Let j(i) = 78*i - 162. Let a be j(3). Let w be 0 - 10*6*-2. What is the highest common factor of a and w?
24
Suppose 4*s - 5*q = 9*s - 300, 4*s + 5*q = 244. Let v be (-98)/(-42)*(15 + -12). Calculate the highest common factor of s and v.
7
Suppose -o = 10*v - 3557, 589 + 485 = 3*v - 2*o. What is the greatest common divisor of v and 4361?
89
Suppose -3*w + a - 1422 = 0, 3*w - 4*a - 948 = 5*w. Let x = w - -510. What is the greatest common factor of 90 and x?
18
Suppose -20*j + 51 = -7*j + 88*j - 151. Suppose z - 4*z = -12. Suppose -34 = -z*o + 6. Calculate the highest common factor of o and j.
2
Suppose -145*t + 522*t - 459186 = 0. What is the greatest common divisor of t and 126?
42
Suppose -m + 76 = 2*v, 5*v + m - 5*m = 164. Let d be (224/(-6))/(v/(-54)). What is the highest common factor of d and 196?
28
Suppose 0 = -2*u + 2*l + 128, -9*u + 4*l = -4*u - 322. Let c = 1612 - 1447. Calculate the greatest common divisor of c and u.
33
Let p(y) = 16*y**2 - 26*y + 121. Let j be p(7). Calculate the greatest common divisor of j and 6.
3
Let g be -174*(-4)/16 + 15/10. What is the highest common divisor of g and 355?
5
Suppose 6*b = b + 30. Suppose 2*r - b = 4*r, -r = 4*q - 29. Let p be 578/14 - q/28. What is the highest common divisor of 410 and p?
41
Suppose -2*z - 5 = 3. Let j(c) = -c**3 - 5*c**2 - 6*c + 1. Let a be j(z). What is the highest common divisor of a and 1?
1
Let r be ((-18)/3 - 13)*-19. Suppose 3*z - r = -4*s - 31, 0 = 5*z - s - 573. What is the greatest common factor of 6 and z?
6
Let d(j) = 48*j + 1022. Let n be d(-19). What is the greatest common divisor of n and 33?
11
Let u = 43491 - 20255. What is the highest common factor of 148 and u?
148
Let q(g) = 5*g**2 + g + 6. Let p be q(7). Let j be p/9 + ((-60)/(-18) - 3). What is the highest common factor of j and 841?
29
Let b = -3676 - -4020. Calculate the highest common divisor of b and 258.
86
Suppose -3*b = -5*a + 166, 24 = -3*a - 2*b + 116. Let l = a + -22. Suppose -2*i - 6 = -l. Calculate the highest common divisor of 14 and i.
2
Let n = -1141 - -1197. What is the greatest common divisor of n and 301?
7
Let x = -56 + 136. Suppose -241 = -2*b - 5*g + 42, 0 = -2*b - 4*g + 284. Calculate the highest common divisor of x and b.
16
Let u = -22982 + 23332. What is the greatest common factor of 154 and u?
14
Let x = 808 - 398. What is the highest common divisor of x and 1066?
82
Suppose 19*n - 21*n + 22 = 5*q, -4*q = -5*n + 88. Calculate the highest common factor of n and 190.
2
Let g(w) = -20*w**3 - 2*w**2 - 17*w + 42. Let q be g(3). Let p = q + 598. What is the highest common divisor of 713 and p?
31
Let a be -13 + 15 + -658 + 6/(-3). Let i = a - -742. What is the greatest common divisor of i and 273?
21
Suppose 150*i + 130536 = 174*i. What is the greatest common divisor of 111 and i?
111
Let c be 3/(-9) + -41*4/12. Let p be (9*-1)/(41/c - -3). Let q be p/8*32/(-12). Calculate the greatest common factor of 14 and q.
14
Let i(l) = -4*l - 7. Let j be i(-7). Let q(h) = -h**3 - 23*h**2 + 6*h + 52. Let c be q(-23). Let w = 93 + c. Calculate the highest common factor of w and j.
7
Let o be 10 + ((-1)/((-6)/(-24)) - 1). Let n be ((-8 + o)/(-9))/((-2)/(-48)). What is the highest common divisor of n and 536?
8
Let j be (-3090)/(-26) + 36/234. What is the highest common divisor of j and 2992?
17
Suppose -30 = -5*u + 60. Let c(r) = -3*r**2 - 4*r + 12. Let n be c(-7). Let q = 110 + n. Calculate the highest common divisor of u and q.
3
Suppose 12258*t - 12240*t - 85770 = 0. What is the highest common factor of 5 and t?
5
Let z = 33 - 31. Suppose -4*i - z*a + 44 = -i, 2*i + 3*a = 21. Calculate the highest common factor of i and 54.
18
Let u(k) = 6*k - 33. Let a = 77 + -68. Let v be u(a). Calculate the highest common divisor of 3 and v.
3
Let a be (-20)/(-130) + -3662*2/(-52). Suppose 33 = 2*x - c + 31, -5*x = 2*c - 23. Calculate the highest common factor of a and x.
3
Suppose 0 = y - 5, 298*q - 89 = 296*q - y. Calculate the highest common factor of 18 and q.
6
Let y = -6174 - -6360. Calculate the greatest common factor of y and 3968.
62
Let b be -7 + (-207)/(-30) + (-483)/(-30). Calculate the greatest common divisor of b and 6896.
16
Let k(w) = w**2 - 191. Let x be k(14). Let q be 1344/x + (-2)/(-10) - -1. What is the highest common factor of q and 90?
90
Let n(c) = 17*c + 7. Let b be n(4). Let v be (192/(-40))/(4/(-50)). Calculate the greatest common factor of v and b.
15
Let o(u) = -u**2 - 4*u - 12. Let k(g) = -g**2 - g + 3. Let s be k(-4). Let j be o(s). Let p = j - -70. Calculate the highest common factor of 91 and p.
13
Suppose 34094 = 127*w + 5773. What is the highest common divisor of 1 and w?
1
Let w = 4598 - 2742. What is the greatest common factor of w and 261?
29
Let g = 1064 + -730. Let r be g/2 + 2 + -1. Suppose -23 = 2*p - 63 - 44. Calculate the greatest common divisor of r and p.
42
Suppose -7*j + 12 = -72. Suppose 0 = -514*u + 510*u + j. Calculate the greatest common factor of 5 and u.
1
Suppose 5*d - 160 = 4*k, 13*k - 20 = 17*k. Suppose 4*r = r + 6. Suppose 35 = 3*g + r*g. Calculate the greatest common factor of d and g.
7
Suppose -11*h - 33*g = -32*g - 96, -g = -2*h + 21. What is the highest common factor of h and 96?
3
Let c(t) = -t**3 - 17*t**2 - 4*t - 18. Suppose -5*l + 44 = 129. Let i be c(l). Suppose -9*b + 9 = -261. What is the greatest common factor of i and b?
10
Suppose -8*d + 3281 - 145 = 0. Suppose -2*c + 4*c = -5*l + 245, 3*l = 2*c + 147. Calculate the highest common factor of d and l.
49
Let a = 4831 - 4789. Calculate the greatest common divisor of a and 322.
14
Let g(a) = -17*a - 5*a**3 - 6*a + 36 - 33*a**2 - 4*a**2 + 13*a**2 + 4*a**3. Let i be g(-23). What is the greatest common factor of 612 and i?
36
Suppose -15*h = -948 - 1095 + 423. Calculate the highest common factor of h and 5.
1
Let k(q) = q**2 + 13*q + 98. Let s be ((-14)/49)/((-5)/(-245)). Let o be k(s). Calculate the greatest common divisor of 16 and o.
16
Let d = -40181 - -40197. Calculate the highest common factor of d and 5288.
8
Let v = 20 + -6. Suppose -82*h - 116*h + 245*h = 13489. What is the highest common divisor of v and h?
7
Let i = -5128 - -5215. Calculate the highest common divisor of 899 and i.
29
Let t be (-2091 + 0)/17*(0 + -1 + -4). What is the greatest common factor of 15 and t?
15
Let t be -340*(6 - (2 + 5))/4. What is the highest common factor of t and 2584?
17
Let t(u) = -5*u**2 + 80*u - 5. Let y be t(16). Let c be (-1144)/(-176)*y/1*-6. What is the greatest common factor of c and 325?
65
Suppose -13319*k = -13295*k - 187800. Calculate the highest common divisor of k and 25.
25
Let n be -14 + 16 + (-1778)/(-1). Suppose 2*v + 3*d = n, 25*v - 22*v + 2*d - 2675 = 0. Calculate the